{"id":239,"date":"2022-02-07T14:49:18","date_gmt":"2022-02-07T14:49:18","guid":{"rendered":"https:\/\/keskitalonmaatilaleipomo.fi\/?page_id=239"},"modified":"2022-02-07T14:49:18","modified_gmt":"2022-02-07T14:49:18","slug":"keskitalon-maalaispatonki","status":"publish","type":"page","link":"https:\/\/keskitalonmaatilaleipomo.fi\/index.php\/keskitalon-maalaispatonki\/","title":{"rendered":"Keskitalon Maalaispatonki"},"content":{"rendered":"\n<p>Keskitalon Maalaispatonki tekeytyy noin vuorokauden, jonka j\u00e4lkeen siit\u00e4 muotoillaan satunnaisen kokoisia patonkeja. Maalaispatonkimme ovat p\u00e4\u00e4lt\u00e4 rapeita ja sis\u00e4lt\u00e4 pehmeit\u00e4 niin kuin patonkien kuuluu olla.<\/p>\n\n\n\n<figure class=\"wp-block-gallery has-nested-images columns-default is-cropped wp-block-gallery-1 is-layout-flex wp-block-gallery-is-layout-flex\">\n<figure class=\"wp-block-image size-large\"><img loading=\"lazy\" decoding=\"async\" width=\"1920\" height=\"2560\" data-id=\"186\" src=\"https:\/\/keskitalonmaatilaleipomo.fi\/wp-content\/uploads\/2022\/02\/20211231_050611-scaled.jpg\" alt=\"\" class=\"wp-image-186\" srcset=\"https:\/\/keskitalonmaatilaleipomo.fi\/wp-content\/uploads\/2022\/02\/20211231_050611-scaled.jpg 1920w, https:\/\/keskitalonmaatilaleipomo.fi\/wp-content\/uploads\/2022\/02\/20211231_050611-225x300.jpg 225w, https:\/\/keskitalonmaatilaleipomo.fi\/wp-content\/uploads\/2022\/02\/20211231_050611-768x1024.jpg 768w, https:\/\/keskitalonmaatilaleipomo.fi\/wp-content\/uploads\/2022\/02\/20211231_050611-1152x1536.jpg 1152w, https:\/\/keskitalonmaatilaleipomo.fi\/wp-content\/uploads\/2022\/02\/20211231_050611-1536x2048.jpg 1536w\" sizes=\"auto, (max-width: 767px) 89vw, (max-width: 1000px) 54vw, (max-width: 1071px) 543px, 580px\" \/><\/figure>\n\n\n\n<figure class=\"wp-block-image size-large\"><img loading=\"lazy\" decoding=\"async\" width=\"2560\" height=\"1920\" data-id=\"171\" src=\"https:\/\/keskitalonmaatilaleipomo.fi\/wp-content\/uploads\/2022\/02\/20211217_100245-scaled.jpg\" alt=\"\" class=\"wp-image-171\" srcset=\"https:\/\/keskitalonmaatilaleipomo.fi\/wp-content\/uploads\/2022\/02\/20211217_100245-scaled.jpg 2560w, https:\/\/keskitalonmaatilaleipomo.fi\/wp-content\/uploads\/2022\/02\/20211217_100245-300x225.jpg 300w, https:\/\/keskitalonmaatilaleipomo.fi\/wp-content\/uploads\/2022\/02\/20211217_100245-1024x768.jpg 1024w, https:\/\/keskitalonmaatilaleipomo.fi\/wp-content\/uploads\/2022\/02\/20211217_100245-768x576.jpg 768w, https:\/\/keskitalonmaatilaleipomo.fi\/wp-content\/uploads\/2022\/02\/20211217_100245-1536x1152.jpg 1536w, https:\/\/keskitalonmaatilaleipomo.fi\/wp-content\/uploads\/2022\/02\/20211217_100245-2048x1536.jpg 2048w\" sizes=\"auto, (max-width: 767px) 89vw, (max-width: 1000px) 54vw, (max-width: 1071px) 543px, 580px\" \/><\/figure>\n\n\n\n<figure class=\"wp-block-image size-large\"><img loading=\"lazy\" decoding=\"async\" width=\"1920\" height=\"2560\" data-id=\"168\" src=\"https:\/\/keskitalonmaatilaleipomo.fi\/wp-content\/uploads\/2022\/02\/20211204_075223-scaled.jpg\" alt=\"\" class=\"wp-image-168\" srcset=\"https:\/\/keskitalonmaatilaleipomo.fi\/wp-content\/uploads\/2022\/02\/20211204_075223-scaled.jpg 1920w, https:\/\/keskitalonmaatilaleipomo.fi\/wp-content\/uploads\/2022\/02\/20211204_075223-225x300.jpg 225w, https:\/\/keskitalonmaatilaleipomo.fi\/wp-content\/uploads\/2022\/02\/20211204_075223-768x1024.jpg 768w, https:\/\/keskitalonmaatilaleipomo.fi\/wp-content\/uploads\/2022\/02\/20211204_075223-1152x1536.jpg 1152w, https:\/\/keskitalonmaatilaleipomo.fi\/wp-content\/uploads\/2022\/02\/20211204_075223-1536x2048.jpg 1536w\" sizes=\"auto, (max-width: 767px) 89vw, (max-width: 1000px) 54vw, (max-width: 1071px) 543px, 580px\" \/><\/figure>\n<\/figure>\n","protected":false},"excerpt":{"rendered":"<p>Keskitalon Maalaispatonki tekeytyy noin vuorokauden, jonka j\u00e4lkeen siit\u00e4 muotoillaan satunnaisen kokoisia patonkeja. Maalaispatonkimme ovat p\u00e4\u00e4lt\u00e4 rapeita ja sis\u00e4lt\u00e4 pehmeit\u00e4 niin kuin patonkien kuuluu olla.<\/p>\n","protected":false},"author":1,"featured_media":0,"parent":0,"menu_order":0,"comment_status":"closed","ping_status":"closed","template":"","meta":{"footnotes":""},"class_list":["post-239","page","type-page","status-publish","hentry"],"_links":{"self":[{"href":"https:\/\/keskitalonmaatilaleipomo.fi\/index.php\/wp-json\/wp\/v2\/pages\/239","targetHints":{"allow":["GET"]}}],"collection":[{"href":"https:\/\/keskitalonmaatilaleipomo.fi\/index.php\/wp-json\/wp\/v2\/pages"}],"about":[{"href":"https:\/\/keskitalonmaatilaleipomo.fi\/index.php\/wp-json\/wp\/v2\/types\/page"}],"author":[{"embeddable":true,"href":"https:\/\/keskitalonmaatilaleipomo.fi\/index.php\/wp-json\/wp\/v2\/users\/1"}],"replies":[{"embeddable":true,"href":"https:\/\/keskitalonmaatilaleipomo.fi\/index.php\/wp-json\/wp\/v2\/comments?post=239"}],"version-history":[{"count":1,"href":"https:\/\/keskitalonmaatilaleipomo.fi\/index.php\/wp-json\/wp\/v2\/pages\/239\/revisions"}],"predecessor-version":[{"id":240,"href":"https:\/\/keskitalonmaatilaleipomo.fi\/index.php\/wp-json\/wp\/v2\/pages\/239\/revisions\/240"}],"wp:attachment":[{"href":"https:\/\/keskitalonmaatilaleipomo.fi\/index.php\/wp-json\/wp\/v2\/media?parent=239"}],"curies":[{"name":"wp","href":"https:\/\/api.w.org\/{rel}","templated":true}]}}